29*x**2. Give y(11).
1
Let b(r) = 2*r**2 + 27*r + 7. Let w(i) = -i**2 - 13*i - 3. Let x(p) = 3*b(p) + 7*w(p). Let m be (-2 + -8)/(-3 + 4). Calculate x(m).
0
Suppose w = -n + 9, w - 18 = -3*n - 1. Let l = -6 + n. Let s(b) be the third derivative of -b**4/8 + b**3/3 + 7*b**2. What is s(l)?
8
Let m = 6 + -12. Let k(z) be the first derivative of z**3/6 + 11*z**2/2 - 3*z - 3. Let o(t) be the first derivative of k(t). What is o(m)?
5
Let z be ((-3 + -6)/(2/10))/(-1). Suppose -z = 41*p - 36*p. Let m(w) = w + 12. Calculate m(p).
3
Let k(w) = -3*w**3 + w**2 - w + 2. Let x be k(2). Let g = -12 - x. Let v be (-4)/g - (-6)/4. Let o(h) = 3*h - 1. What is o(v)?
2
Let g(c) be the second derivative of c**2 + 0 - 5/24*c**4 - 5*c + 1/60*c**5 - 1/3*c**3. Let w(t) be the first derivative of g(t). Give w(6).
4
Let s(p) = -6*p**2 + p + 7. Let r(u) = -2*u**2 - 2*u. Let b(c) = -2*r(c) + s(c). What is b(-2)?
-11
Let c(z) = -3*z - 8. Let t be (-39)/(-52)*(5 + -1). Suppose -9 - t = 2*j. Calculate c(j).
10
Let i(u) = -3 + 6 - 6 - 3*u. Suppose -k + 10 = 2*a, -3*a + 6 = -0*k - 3*k. Let d be a/18 - 20/9. What is i(d)?
3
Let v be ((-8)/(-2))/(0 - (-6 + 4)). Let x(k) be the second derivative of -k**4/4 + 2*k**3/3 - 3*k**2/2 + k. Calculate x(v).
-7
Let u(s) be the second derivative of -s**4/12 - 11*s**3/6 + 4*s**2 - 2*s - 139. Give u(-10).
18
Let u(y) = y - 18*y**2 + 1 - y. Suppose 55 - 62 = 7*j. Give u(j).
-17
Let y = 35 + -39. Let r(h) = 6*h - 11. Let f(g) = 2*g - g + 0*g - 2. Let i(z) = -22*f(z) + 4*r(z). Determine i(y).
-8
Let y be -10*(-6 + 39/6). Let i(g) = g - 2. Determine i(y).
-7
Let j be (-2)/(-1) - (-25 - -13) - 5. Let g(d) = -2*d + 9. Give g(j).
-9
Let c(j) be the second derivative of 9/2*j**2 + 1/12*j**4 + 0 - 3/2*j**3 + 3*j. What is c(8)?
1
Let i(n) be the first derivative of 2*n + 3/2*n**2 + 4/3*n**3 + 5 + 3/4*n**4. Determine i(-2).
-12
Let h(g) = -g. Let p(y) = -2*y. Let x(z) = -3*h(z) + p(z). Let s be x(2). Suppose -20 = -5*w, 2*o + 5*w = s + 6. Let a(i) = i**2 + 7*i. What is a(o)?
-6
Let u(p) = p + 1. Let f = 67 + -28. Let w = f + -37. Determine u(w).
3
Let f(d) = -3*d**2 + 2*d + 3. Let m be (-164)/(-5) + 92/(-115). Suppose -16*b = -m - 16. Calculate f(b).
-18
Let l(c) be the second derivative of c**5/20 + 17*c**4/12 + 17*c**3/6 + 23*c**2/2 + 24*c + 3. Calculate l(-16).
7
Let w(f) = f - 20 + 2*f + 2*f - f**2 + 10*f. Let u be w(14). Let m(l) = -l**3 - 5*l**2 + 3*l - 2. Calculate m(u).
16
Let d(i) = 4*i**3 + 16*i**2 + i + 19. Let y(x) = -3*x - 6. Let n be y(-5). Let r(g) = -g**3 - 4*g**2 - 5. Let k(u) = n*r(u) + 2*d(u). Calculate k(-5).
8
Let q(z) = 5 - 2 + 7 + 3*z. Let m be q(5). Let i = m - 19. Let v(p) = -p + 8. What is v(i)?
2
Let m(s) be the second derivative of 1/3*s**3 + 0 + 1/2*s**2 + 2*s. Give m(-5).
-9
Let d(p) = -3*p**2 - 5*p + 7 - 2 + 16*p**3 - 9*p**3. Let j(z) = 3*z**3 - z**2 - 2*z + 2. Let a(s) = -4*d(s) + 9*j(s). Calculate a(3).
4
Let q(c) = 10*c**3 - 9*c**2 + 10*c + 17. Let a(p) = 7*p**3 - 6*p**2 + 7*p + 12. Let x(s) = -7*a(s) + 5*q(s). Let m be -2*-3*(-3)/(-6). What is x(m)?
4
Let h(y) = -4*y - 19. Suppose v = 5*s + 16, -4*s - v - 2*v - 28 = 0. Let u be h(s). Let t(n) = n**3 + 2*n**2 - 4*n + 1. What is t(u)?
4
Let f(g) = -g - 6. Let j(z) = -z**3 + 19*z**2 - 19*z + 8. Let m(t) = -15*t + 3. Let w be m(-1). Let p be j(w). What is f(p)?
4
Let p(j) = 2*j**2 - 3*j. Suppose 0 = -32*x + 35*x + 12, x + 12 = 2*n. Calculate p(n).
20
Let c(q) = q**3 - 4*q**2 + 2*q. Let m(r) = r**3 - 4*r**2 + 2*r + 1. Suppose 0 = -5*p + 50 - 65. Let v(y) = p*c(y) + 2*m(y). What is v(4)?
-6
Let g(d) = -d**2 + 4*d + 2. Let u(p) = -2*p**2 - 16*p - 10. Suppose 0 = 4*l + l + 5*a + 30, 3*l = a - 22. Let t be u(l). Determine g(t).
2
Let t(y) = y**3 - 5*y**2 - 4*y + 8. Suppose 54*n + 30 = 59*n. Give t(n).
20
Let b(v) = 19. Let i(k) = 2*k + 17. Let m(x) = 2*b(x) - 3*i(x). Determine m(-3).
5
Let x = 0 - 0. Let o(p) be the third derivative of 1/60*p**5 - 11*p**2 + 0 - 1/120*p**6 + 0*p**4 + 2*p**3 + 0*p. Calculate o(x).
12
Let l(q) = -2*q + 2. Let c be 5 + 3 + -10 + (0 - -1). Let w = -2 + c. What is l(w)?
8
Suppose g - 6*g = -4*v + 32, -2*v = -6. Let p(n) = 23*n**2 - 2 - 4*n - 11*n**2 - 13*n**2. Determine p(g).
-2
Let h = -20 - -22. Let f(q) = 7 - 5*q - h*q + 5*q + 1. Suppose -3*r - 16 = 2. Determine f(r).
20
Let b(s) = 3*s - 29. Let i(l) = -17*l - 211. Let v be i(-13). Determine b(v).
1
Let y(z) = -z**2 - 4*z + 7. Let x be y(-5). Let o(k) = -11*k**2 - 4*k + 16. Let c(j) = -7*j**2 - 2*j + 10. Let a(q) = 8*c(q) - 5*o(q). Calculate a(x).
4
Let d(m) = m**3 + 3*m**2 - 4*m - 2. Let w be (9/6)/3*0. Let a be w + (16 - (4 + -4)). Suppose 7*p + 44 = a. Give d(p).
-2
Let p(z) = 13*z**2 - 6*z + 1. Let g(f) = -27*f**2 + 13*f - 2. Let o(m) = 6*g(m) + 13*p(m). Suppose -38*a + 108*a + 70 = 0. What is o(a)?
8
Suppose -6*y + 12 = -7*y. Let v be (y/(-15))/(8/40). Let a(c) = c**3 - 6*c**2 + 6*c - 1. What is a(v)?
-9
Let v(f) = f**3 + 3*f**2 + 2*f - 2. Suppose -24*b + 20 = -22*b. Suppose -5*a + 7*i + b = 3*i, a - 5*i = 23. Give v(a).
-2
Let z(r) = 0*r + 6*r**2 + 4*r - 7 + r - 5*r**2. Let b be 7 - 517/44 - 1/4. Give z(b).
-7
Let p(j) = -5*j - 54. Let y be p(-11). Let z(f) be the first derivative of 1/3*f**3 + 7/2*f**2 + y + 5*f. Give z(-5).
-5
Let n(r) = 5*r + 1. Let o be (-1)/1*(-6 - -3). Suppose -7*u + 4 = -11*u + 2*y, -3*u - o = -3*y. What is n(u)?
-4
Let z(a) = 11*a**2. Suppose 3 = f + s, -17 = 3*f - 6*f + 5*s. Suppose f*d - 11 + 15 = 0. Determine z(d).
11
Let v(a) = 27*a - 4. Let u(l) = 23*l - 3. Let m(q) = -7*u(q) + 6*v(q). Let t(w) = -w**2 - 7*w - 5. Let p be t(-7). Let d be p/2*24/(-15). Give m(d).
1
Let q be -20 - ((-4)/(-1) + -4). Let f = -18 - q. Let l(m) = 8*m**2 - f*m**3 - m**3 - 1 + 2*m**3 - 3*m**2. Give l(5).
-1
Let k(v) = -7*v**3 - v**2 + v + 1. Let o be 9/(-6) - 2/(-4). Determine k(o).
6
Let o(j) = j**2 - 8*j + 7. Let n = -17 - -24. Let i be o(n). Let q(r) = -5*r - 1 + 6*r + i. Determine q(4).
3
Let o(w) be the third derivative of -w**6/120 - w**5/15 + w**4/8 + w**3 + 116*w**2. Give o(-4).
-6
Let d(p) = 5*p**3 - 4*p**3 - 170 - 2*p + 171. Suppose -2 = -a - 0. Determine d(a).
5
Let j(k) = 16*k**3 + 19*k**2 + 2*k - 10. Let d(m) = -7*m**3 - 8*m**2 - m + 4. Let g(z) = 9*d(z) + 4*j(z). Suppose -3*r - 8 = 1. Calculate g(r).
8
Let g(a) = -7*a + 6*a**2 - 565*a**3 + 564*a**3 + 0 + 2. Let s = -1 - -6. Determine g(s).
-8
Suppose 212 = -5*z - 118. Let v = -60 - z. Let q(i) = 2*i + 5. Calculate q(v).
17
Let k = 567 + -559. Let d(n) = n**3 - 9*n**2 + 9*n - 6. Give d(k).
2
Let i(s) = -5*s**2 + s. Suppose 16*j = 13*j + 33. Let y(u) = -u**2 + 9*u + 21. Let k be y(j). Give i(k).
-6
Let c(s) = -3*s**2 - 17*s + 17. Let v(l) = -2*l**2 - 11*l + 11. Let q(t) = 5*c(t) - 7*v(t). Let j be q(-8). Let i(a) = -1 - 4 - a - 1 + j. Determine i(2).
0
Let j(q) = 5 + 0 + 2 - 2*q. What is j(5)?
-3
Suppose -51*z + 126 = 24. Let w(o) be the first derivative of -4 - 1/2*o**z - 3*o. Determine w(4).
-7
Suppose -273 = -4*g - g - t, 3*t + 61 = g. Let n = g + -62. Let w(r) = -r - 2. Calculate w(n).
5
Let h be ((-2)/(-3))/(-2)*-12. Suppose h*g + 14 - 30 = 0. Let a(r) = -r**2 + 4*r + 1. Determine a(g).
1
Let m(h) = 2*h**2 + 2*h + 2. Let k be (-21)/9*3 + 3/1. What is m(k)?
26
Let r = -391 - -403. Let j(m) = -3*m + 41. What is j(r)?
5
Let s(g) = -6*g - 3*g**2 - g**2 + 0*g**3 + 2*g**3 - g**3 + 3. Let v(i) = -i**2 + 10*i - 19. Let a be v(6). Calculate s(a).
-2
Let p(t) be the third derivative of t**5/60 - t**4/24 + 5*t**3/2 + 2*t**2. Let q(k) be the first derivative of p(k). Give q(-2).
-5
Let t(v) be the first derivative of -v**4/4 - v**3 + v + 186. Give t(2).
-19
Let q(b) be the third derivative of b**4/24 - 17*b**3/6 + 10*b**2 + 12. Determine q(18).
1
Let i be 3/(-9)*-6*1. Let f = 39 - 37. Let c(h) = 2*h**2 - h + 0*h**2 - h + 3*h**2 - f. Calculate c(i).
14
Suppose -237 + 247 = 5*j. Let s be 1 + j - (14 - 13). Let d(k) = 4*k**2 - k - 1. What is d(s)?
13
Suppose 0 = 2*l - 1 + 11. Let q(j) = -j**2 - 8*j - 5. Let i(n) = -3*n + 10 + 20*n + 11*n**2 - 9*n**2. Let x(g) = -3*i(g) - 7*q(g). Determine x(l).
5
Let m(i) = 5 + 3*i**3 + 3*i**3 - 5*i**3 + 5*i**2 + 5*i. Let r be (4 - 6) + 47 + -49. Determine m(r).
1
Let g(s) = 24*s**2 + 3*s + 2. Let h = -500 + 499. What is g(h)?
23
Let o be 1*-2 + 24/6. Let h be (-1)/2*(-10 - -2). Let j(t) = 3*t + 